{"id":2268,"date":"2025-02-21T12:15:59","date_gmt":"2025-02-21T11:15:59","guid":{"rendered":"http:\/\/santamariaimmacolata.it\/?page_id=2268"},"modified":"2025-03-08T10:09:39","modified_gmt":"2025-03-08T09:09:39","slug":"iniziative-quaresimali-2025-2","status":"publish","type":"page","link":"https:\/\/santamariaimmacolata.it\/?page_id=2268","title":{"rendered":"Iniziative quaresimali 2025"},"content":{"rendered":"<p>Mercoled\u00ec 5 marzo celebreremo il rito delle ceneri, il quale dar\u00e0 inizio al tempo di Quaresima. Nella Chiesa primitiva, questo era il tempo in cui i catecumeni (adulti che si preparavano al Battesimo) ricevevano gli ultimi insegnamenti nella loro formazione alla vita cristiana: dovevano dedicarsi a una catechesi pi\u00f9 intensa e agli esercizi di preghiera e di penitenza. A poco a poco anche l\u2019intera comunit\u00e0 cristiana ha iniziato a partecipare a questo cammino, sia per unirsi ai catecumeni, sia per rinnovare in s\u00e9 la grazia del proprio Battesimo e il fervore della vita cristiana, preparandosi cos\u00ec alla Santa Pasqua. Nasce cos\u00ec la Quaresima: tempo in cui i cristiani, attraverso la penitenza e la preghiera, astenendosi dagli eccessi, cercano di rinnovare la loro conversione per celebrare con gioia spirituale la santa Veglia Pasquale, all\u2019alba della Domenica della Risurrezione, rinnovando le loro promesse battesimali.<\/p>\n<p>Sar\u00e0 un tempo intenso, ricco di appuntamenti per vivere al meglio la grande gioia della Pasqua. Di seguito pubblichiamo gli incontri e gli orari delle celebrazioni da Mercoled\u00ec 5 Marzo a Domenica 20 Aprile, in particolare gli incontri che si svolgeranno ogni Venerd\u00ec di Quaresima presso le chiese dell\u2019Unit\u00e0 Pastorale. Dopo ogni Via Crucis ci sar\u00e0 un momento di riflessione sulle parole di Cristo sulla Croce.<\/p>\n<p><a href=\"http:\/\/santamariaimmacolata.it\/wp-content\/uploads\/2025\/02\/iniziative-quaresimali-2025.pdf\">Iniziative quaresimali 2025 (calendario)\u00a0<\/a><\/p>\n<p><a href=\"http:\/\/santamariaimmacolata.it\/wp-content\/uploads\/2025\/02\/Schema-delle-vie-crucis-2025.pdf\">schema delle\u00a0 vie Crucis\u00a0<\/a><\/p>\n<p><a href=\"http:\/\/santamariaimmacolata.it\/wp-content\/uploads\/2025\/03\/via-crucis-il-ruolo-della-donna.pdf\">Via Crucis Venerd\u00ec 7 marzo 2025: il ruolo della donna\u00a0<\/a><\/p>\n<p><a href=\"http:\/\/santamariaimmacolata.it\/wp-content\/uploads\/2025\/03\/Verso-la-Pasqua-incontro-genitori.pdf\">Foglio incontro genitori sabato 8 e domenica 9 marzo\u00a0<\/a><\/p>\n<p>&nbsp;<\/p>\n<p>&nbsp;<\/p>\n","protected":false},"excerpt":{"rendered":"<p>Mercoled\u00ec 5 marzo celebreremo il rito delle ceneri, il quale dar\u00e0 inizio al tempo di Quaresima. Nella Chiesa primitiva, questo era il tempo in cui i catecumeni (adulti che si [&hellip;]<\/p>\n","protected":false},"author":1,"featured_media":0,"parent":0,"menu_order":0,"comment_status":"closed","ping_status":"closed","template":"","meta":{"footnotes":""},"yoast_head":"<!-- This site is optimized with the Yoast SEO plugin v14.7 - https:\/\/yoast.com\/wordpress\/plugins\/seo\/ -->\n<title>Iniziative quaresimali 2025 - Santa Maria Immacolata<\/title>\n<meta name=\"robots\" content=\"index, follow\" \/>\n<meta name=\"googlebot\" content=\"index, follow, max-snippet:-1, max-image-preview:large, max-video-preview:-1\" \/>\n<meta name=\"bingbot\" content=\"index, follow, max-snippet:-1, max-image-preview:large, max-video-preview:-1\" \/>\n<link rel=\"canonical\" href=\"https:\/\/santamariaimmacolata.it\/?page_id=2268\" \/>\n<meta property=\"og:locale\" content=\"it_IT\" \/>\n<meta property=\"og:type\" content=\"article\" \/>\n<meta property=\"og:title\" content=\"Iniziative quaresimali 2025 - Santa Maria Immacolata\" \/>\n<meta property=\"og:description\" content=\"Mercoled\u00ec 5 marzo celebreremo il rito delle ceneri, il quale dar\u00e0 inizio al tempo di Quaresima. Nella Chiesa primitiva, questo era il tempo in cui i catecumeni (adulti che si [&hellip;]\" \/>\n<meta property=\"og:url\" content=\"https:\/\/santamariaimmacolata.it\/?page_id=2268\" \/>\n<meta property=\"og:site_name\" content=\"Santa Maria Immacolata\" \/>\n<meta property=\"article:modified_time\" content=\"2025-03-08T09:09:39+00:00\" \/>\n<meta name=\"twitter:card\" content=\"summary_large_image\" \/>\n<script type=\"application\/ld+json\" class=\"yoast-schema-graph\">{\"@context\":\"https:\/\/schema.org\",\"@graph\":[{\"@type\":\"WebSite\",\"@id\":\"https:\/\/santamariaimmacolata.it\/#website\",\"url\":\"https:\/\/santamariaimmacolata.it\/\",\"name\":\"Santa Maria Immacolata\",\"description\":\"Unit\\u00e0 Pastorale di Rivarolo Mantovano, Cividale e Spineda\",\"potentialAction\":[{\"@type\":\"SearchAction\",\"target\":\"https:\/\/santamariaimmacolata.it\/?s={search_term_string}\",\"query-input\":\"required name=search_term_string\"}],\"inLanguage\":\"it-IT\"},{\"@type\":\"WebPage\",\"@id\":\"https:\/\/santamariaimmacolata.it\/?page_id=2268#webpage\",\"url\":\"https:\/\/santamariaimmacolata.it\/?page_id=2268\",\"name\":\"Iniziative quaresimali 2025 - Santa Maria Immacolata\",\"isPartOf\":{\"@id\":\"https:\/\/santamariaimmacolata.it\/#website\"},\"datePublished\":\"2025-02-21T11:15:59+00:00\",\"dateModified\":\"2025-03-08T09:09:39+00:00\",\"inLanguage\":\"it-IT\",\"potentialAction\":[{\"@type\":\"ReadAction\",\"target\":[\"https:\/\/santamariaimmacolata.it\/?page_id=2268\"]}]}]}<\/script>\n<!-- \/ Yoast SEO plugin. -->","_links":{"self":[{"href":"https:\/\/santamariaimmacolata.it\/index.php?rest_route=\/wp\/v2\/pages\/2268"}],"collection":[{"href":"https:\/\/santamariaimmacolata.it\/index.php?rest_route=\/wp\/v2\/pages"}],"about":[{"href":"https:\/\/santamariaimmacolata.it\/index.php?rest_route=\/wp\/v2\/types\/page"}],"author":[{"embeddable":true,"href":"https:\/\/santamariaimmacolata.it\/index.php?rest_route=\/wp\/v2\/users\/1"}],"replies":[{"embeddable":true,"href":"https:\/\/santamariaimmacolata.it\/index.php?rest_route=%2Fwp%2Fv2%2Fcomments&post=2268"}],"version-history":[{"count":6,"href":"https:\/\/santamariaimmacolata.it\/index.php?rest_route=\/wp\/v2\/pages\/2268\/revisions"}],"predecessor-version":[{"id":2310,"href":"https:\/\/santamariaimmacolata.it\/index.php?rest_route=\/wp\/v2\/pages\/2268\/revisions\/2310"}],"wp:attachment":[{"href":"https:\/\/santamariaimmacolata.it\/index.php?rest_route=%2Fwp%2Fv2%2Fmedia&parent=2268"}],"curies":[{"name":"wp","href":"https:\/\/api.w.org\/{rel}","templated":true}]}}