{"id":923,"date":"2020-04-28T10:21:48","date_gmt":"2020-04-28T08:21:48","guid":{"rendered":"http:\/\/santamariaimmacolata.it\/?page_id=923"},"modified":"2020-04-28T10:34:50","modified_gmt":"2020-04-28T08:34:50","slug":"923-2","status":"publish","type":"page","link":"https:\/\/santamariaimmacolata.it\/?page_id=923","title":{"rendered":"Beato Sisto Locatelli da Rivarolo"},"content":{"rendered":"<p style=\"text-align: justify;\">Sisto Locatelli nacque a Rivarolo Mantovano nel 1463. Preso l\u2019abito francescano tra i Minori Osservanti, fond\u00f2 il convento di Isola della Scala e riapr\u00ec quello di San Martino dall\u2019Argine.<\/p>\n<p><img loading=\"lazy\" decoding=\"async\" class=\"alignleft size-full wp-image-924\" style=\"text-align: justify;\" src=\"http:\/\/santamariaimmacolata.it\/wp-content\/uploads\/2020\/04\/unnamed.jpg\" alt=\"\" width=\"102\" height=\"180\" \/><\/p>\n<p style=\"text-align: justify;\">Istitu\u00ec inoltre alcuni Monti di Piet\u00e0: a Rivarolo Mantovano, a Cividale del Friuli e a Camposanpiero. Predic\u00f2 nel Triveneto, nelle Marche e in Calabria, fu studioso del dogma della Immacolata Concezione. Come fece il B. Bernardino da Feltre, il 25 marzo 1512, fondando il Monte di Rivarolo, durante un quaresimale insistette sull&#8217;immoralit\u00e0 dell&#8217;usura che riduceva in miseria parte della popolazione. Venne redatto uno statuto che fu presentato ad un notaio. Il capitale necessario venne raccolto grazie alla bene<\/p>\n<p><span style=\"text-align: justify;\">ficenza degli abitanti del luogo e ai capitali di due opere pie preesistenti: il Consorzio e la confraternita del SS. Sacramento. Il Monte di piet\u00e0 di Rivarolo aveva una sezione \u201cfrumentaria\u201d.<\/span><\/p>\n<p style=\"text-align: justify;\">Fra Sisto mor\u00ec a Mantova il 17 novembre 1533 nel convento di san Francesco di cui era guardiano.<\/p>\n<p style=\"text-align: justify;\">Sebbene il suo culto non sia stato confermato ufficialmente, la sua citt\u00e0 natale lo elesse \u201cpatrono\u201d, dedicandogli in parrocchia un quadro di Marc\u2019Antonio Ghislina che lo rappresenta mentre offre alla Vergine il borgo di Rivarolo.<\/p>\n<p><img loading=\"lazy\" decoding=\"async\" class=\"size-full wp-image-925 aligncenter\" src=\"http:\/\/santamariaimmacolata.it\/wp-content\/uploads\/2020\/04\/download-2.jpg\" alt=\"\" width=\"205\" height=\"246\" \/><\/p>\n<p style=\"text-align: justify;\">\n","protected":false},"excerpt":{"rendered":"<p>Sisto Locatelli nacque a Rivarolo Mantovano nel 1463. Preso l\u2019abito francescano tra i Minori Osservanti, fond\u00f2 il convento di Isola della Scala e riapr\u00ec quello di San Martino dall\u2019Argine. Istitu\u00ec [&hellip;]<\/p>\n","protected":false},"author":1,"featured_media":925,"parent":879,"menu_order":0,"comment_status":"closed","ping_status":"closed","template":"","meta":{"footnotes":""},"yoast_head":"<!-- This site is optimized with the Yoast SEO plugin v14.7 - https:\/\/yoast.com\/wordpress\/plugins\/seo\/ -->\n<title>Beato Sisto Locatelli da Rivarolo - Santa Maria Immacolata<\/title>\n<meta name=\"robots\" content=\"index, follow\" \/>\n<meta name=\"googlebot\" content=\"index, follow, max-snippet:-1, max-image-preview:large, max-video-preview:-1\" \/>\n<meta name=\"bingbot\" content=\"index, follow, max-snippet:-1, max-image-preview:large, max-video-preview:-1\" \/>\n<link rel=\"canonical\" href=\"http:\/\/santamariaimmacolata.it\/?page_id=923\" \/>\n<meta property=\"og:locale\" content=\"it_IT\" \/>\n<meta property=\"og:type\" content=\"article\" \/>\n<meta property=\"og:title\" content=\"Beato Sisto Locatelli da Rivarolo - Santa Maria Immacolata\" \/>\n<meta property=\"og:description\" content=\"Sisto Locatelli nacque a Rivarolo Mantovano nel 1463. Preso l\u2019abito francescano tra i Minori Osservanti, fond\u00f2 il convento di Isola della Scala e riapr\u00ec quello di San Martino dall\u2019Argine. Istitu\u00ec [&hellip;]\" \/>\n<meta property=\"og:url\" content=\"http:\/\/santamariaimmacolata.it\/?page_id=923\" \/>\n<meta property=\"og:site_name\" content=\"Santa Maria Immacolata\" \/>\n<meta property=\"article:modified_time\" content=\"2020-04-28T08:34:50+00:00\" \/>\n<meta property=\"og:image\" content=\"https:\/\/santamariaimmacolata.it\/wp-content\/uploads\/2020\/04\/download-2.jpg\" \/>\n\t<meta property=\"og:image:width\" content=\"205\" \/>\n\t<meta property=\"og:image:height\" content=\"246\" \/>\n<meta name=\"twitter:card\" content=\"summary_large_image\" \/>\n<script type=\"application\/ld+json\" class=\"yoast-schema-graph\">{\"@context\":\"https:\/\/schema.org\",\"@graph\":[{\"@type\":\"WebSite\",\"@id\":\"https:\/\/santamariaimmacolata.it\/#website\",\"url\":\"https:\/\/santamariaimmacolata.it\/\",\"name\":\"Santa Maria Immacolata\",\"description\":\"Unit\\u00e0 Pastorale di Rivarolo Mantovano, Cividale e Spineda\",\"potentialAction\":[{\"@type\":\"SearchAction\",\"target\":\"https:\/\/santamariaimmacolata.it\/?s={search_term_string}\",\"query-input\":\"required name=search_term_string\"}],\"inLanguage\":\"it-IT\"},{\"@type\":\"ImageObject\",\"@id\":\"http:\/\/santamariaimmacolata.it\/?page_id=923#primaryimage\",\"inLanguage\":\"it-IT\",\"url\":\"https:\/\/santamariaimmacolata.it\/wp-content\/uploads\/2020\/04\/download-2.jpg\",\"width\":205,\"height\":246},{\"@type\":\"WebPage\",\"@id\":\"http:\/\/santamariaimmacolata.it\/?page_id=923#webpage\",\"url\":\"http:\/\/santamariaimmacolata.it\/?page_id=923\",\"name\":\"Beato Sisto Locatelli da Rivarolo - Santa Maria Immacolata\",\"isPartOf\":{\"@id\":\"https:\/\/santamariaimmacolata.it\/#website\"},\"primaryImageOfPage\":{\"@id\":\"http:\/\/santamariaimmacolata.it\/?page_id=923#primaryimage\"},\"datePublished\":\"2020-04-28T08:21:48+00:00\",\"dateModified\":\"2020-04-28T08:34:50+00:00\",\"inLanguage\":\"it-IT\",\"potentialAction\":[{\"@type\":\"ReadAction\",\"target\":[\"http:\/\/santamariaimmacolata.it\/?page_id=923\"]}]}]}<\/script>\n<!-- \/ Yoast SEO plugin. -->","_links":{"self":[{"href":"https:\/\/santamariaimmacolata.it\/index.php?rest_route=\/wp\/v2\/pages\/923"}],"collection":[{"href":"https:\/\/santamariaimmacolata.it\/index.php?rest_route=\/wp\/v2\/pages"}],"about":[{"href":"https:\/\/santamariaimmacolata.it\/index.php?rest_route=\/wp\/v2\/types\/page"}],"author":[{"embeddable":true,"href":"https:\/\/santamariaimmacolata.it\/index.php?rest_route=\/wp\/v2\/users\/1"}],"replies":[{"embeddable":true,"href":"https:\/\/santamariaimmacolata.it\/index.php?rest_route=%2Fwp%2Fv2%2Fcomments&post=923"}],"version-history":[{"count":2,"href":"https:\/\/santamariaimmacolata.it\/index.php?rest_route=\/wp\/v2\/pages\/923\/revisions"}],"predecessor-version":[{"id":928,"href":"https:\/\/santamariaimmacolata.it\/index.php?rest_route=\/wp\/v2\/pages\/923\/revisions\/928"}],"up":[{"embeddable":true,"href":"https:\/\/santamariaimmacolata.it\/index.php?rest_route=\/wp\/v2\/pages\/879"}],"wp:featuredmedia":[{"embeddable":true,"href":"https:\/\/santamariaimmacolata.it\/index.php?rest_route=\/wp\/v2\/media\/925"}],"wp:attachment":[{"href":"https:\/\/santamariaimmacolata.it\/index.php?rest_route=%2Fwp%2Fv2%2Fmedia&parent=923"}],"curies":[{"name":"wp","href":"https:\/\/api.w.org\/{rel}","templated":true}]}}